test common divisor of 35 and o.
7
Suppose -39*v = -46*v + 3640. Calculate the greatest common divisor of v and 160.
40
Suppose -5*v + 15*v = 220. Let n = 33 - v. What is the greatest common factor of 11 and n?
11
Let c(g) = -g**2 - 21*g - 16. Let w = 1 + -20. Let a be c(w). What is the highest common factor of a and 198?
22
Suppose -5 = 3*f - 5. Suppose -3*u + f*y + 35 = -5*y, -u - 4*y = -40. What is the greatest common divisor of 20 and u?
20
Suppose -5*m + 210 = 2*o, m = -4*m + 4*o + 210. Let u = 76 - 214. Let w = u - -243. What is the greatest common factor of w and m?
21
Let h = -512 + 548. Calculate the highest common factor of h and 468.
36
Let t(o) = o**3 + o**2 + 88. Let w be t(0). Let f be (41/574)/((-1)/(-4)) - (-152)/7. Calculate the greatest common divisor of w and f.
22
Let w = 303 + -63. Calculate the highest common divisor of 660 and w.
60
Suppose -143*s + 554 = -140*s + n, 4*n = 2*s - 346. Calculate the highest common divisor of 244 and s.
61
Suppose t - 13 = -3*z, -10 - 12 = -4*t - 2*z. What is the highest common divisor of t and 92?
4
Let q be 4/(-10) - (-22)/5. Suppose 3 = -3*k, 183 = 3*z - q*k - 211. Suppose 43 = -m + 3*m - 3*n, -n = 3*m - 81. What is the greatest common divisor of z and m?
26
Suppose -5*p - 5*q + 405 = 0, -50 = -p + q + 37. Calculate the greatest common divisor of p and 294.
42
Let k(q) = -q - 1. Let s(d) = -10. Let w(l) = -k(l) + s(l). Let h be w(12). Suppose 0 = -h*c + 11 + 1. What is the greatest common factor of 1 and c?
1
Suppose -40 = 34*f - 36*f. What is the greatest common divisor of f and 220?
20
Suppose s - 12 = -1. Let i be (58/4 + -1)*3784/516. What is the highest common divisor of s and i?
11
Suppose 5*o = -t + 175, 5*o + 3*t = 8*o - 123. Calculate the greatest common factor of o and 288.
36
Let r(m) = -m**3 + 12*m**2 - 21*m + 3. Let y be r(9). Let i = -49 + y. Calculate the greatest common factor of 1 and i.
1
Let t = 6 - -60. Let z = t - 34. Suppose 0 = 4*s - 17 + 1. Calculate the highest common divisor of z and s.
4
Let w(k) = -k**3 + 27*k**2 - 22*k - 64. Let n be w(26). What is the highest common factor of n and 140?
20
Suppose 2*k = 46 - 26. Let c(n) = -n**3 + 7*n**2 - n + 2. Let w be c(6). Suppose 5*i = w + 268. Calculate the greatest common divisor of i and k.
10
Suppose -2*q + 9 = -3. Let c = q + 1. Suppose -6*r + 7*r - c = 0. Calculate the highest common factor of 56 and r.
7
Suppose -4*z + 176 = -5*p, z = 16*p - 14*p + 47. What is the highest common factor of z and 104?
13
Let x = 2189 + -1762. Calculate the highest common factor of x and 183.
61
Let h(u) = -21*u**2 + 3*u - 11. Let j be h(6). Let k = -243 - j. Calculate the greatest common factor of 46 and k.
46
Suppose 4*p + 100 = 4*h, 0*h + 3*p = -4*h + 72. Let w(y) = -4*y**2 + y. Let q be w(2). Let d = q + h. What is the greatest common factor of 49 and d?
7
Let y = -18 - -20. Suppose -y*m - 87 + 19 = 0. Let c = m - -52. Calculate the highest common factor of c and 126.
18
Let k(x) = -81*x - 158. Let a be k(-5). What is the highest common divisor of a and 57?
19
Let n = 157 - 154. Calculate the highest common divisor of 6 and n.
3
Suppose -5*a - 5320 = -4*m, -181*m + a - 6621 = -186*m. What is the highest common factor of 25 and m?
25
Let f = 15 + -7. Let l be 258/8 - (-8)/(-32). Calculate the greatest common factor of l and f.
8
Let n(b) = -6 + 41*b - 12 - 43*b. Let w be n(-15). Let c = 42 - w. Calculate the greatest common divisor of 20 and c.
10
Suppose -59*s + 8311 = -4433. Let h = -20 - -44. What is the highest common divisor of s and h?
24
Let p(o) = -16*o - 6. Let j(q) = -17*q - 7. Let d(w) = -4*j(w) + 5*p(w). Let u be d(-1). Let s = -15 + 19. What is the greatest common factor of u and s?
2
Suppose 3*o - 5*r + 59 = 4*o, -3*r = 5*o - 405. Let b = o - 32. Calculate the highest common factor of 130 and b.
26
Suppose 0 = -10*c - 118 + 2278. Calculate the highest common factor of c and 8.
8
Let x = -4 + 16. Suppose x*v - 11*v = 18. What is the highest common divisor of 12 and v?
6
Let n be 6/27 + 320/18. Let j be -18*1/(-4)*(-1 - -7). What is the highest common divisor of n and j?
9
Let p = 19 - 11. Suppose -y - p = y. Let w(s) = -5*s - 5. Let i be w(y). What is the greatest common divisor of i and 10?
5
Let v = -500 - -905. Suppose -7*s + v = -2*s. Calculate the greatest common factor of 27 and s.
27
Suppose -6*k = -4*k - 5*y - 113, -5*k + 251 = -2*y. Let c(z) = -z**3 + 18*z**2 - 39*z + 119. Let l be c(16). Calculate the greatest common factor of l and k.
7
Suppose 2*h - 3*h - 4*r + 12 = 0, -h - 2*r = -22. Suppose -10*x + 12*x - h = 0. Calculate the greatest common divisor of 56 and x.
8
Let a(s) = -s**3 + 2*s**2 + 2*s + 2. Let m be a(3). Let p = m - -3. Suppose 2*r = p + 30. What is the greatest common divisor of r and 176?
16
Suppose 0 = -2*c + 5*c - 60. Suppose 0 = 5*d - 20 - c. Let b be 60/d*(-8)/(-10). Calculate the greatest common factor of b and 18.
6
Let c(z) = 6*z - 3. Let i be c(3). Let j = 243 - 240. Calculate the highest common factor of i and j.
3
Let t(o) = -o. Let d(k) = 13 - 7 - 2*k**3 + 4*k**2 + 0*k**3. Let y(x) = -d(x) - 4*t(x). Let g be y(3). Calculate the greatest common factor of 12 and g.
12
Let u be ((-385)/(-21))/5 - 8/(-6). Suppose -3*n + 625 = 2*n. What is the highest common factor of u and n?
5
Let a(o) = 10*o - 5. Let w be a(14). Calculate the greatest common divisor of 54 and w.
27
Let s(o) = -o**2 - o - 2. Let u be s(0). Let v be u/(-8) + 279/36. Calculate the highest common divisor of 12 and v.
4
Let n = -42 - -46. Let h be (-10)/(-1) + (-3 - -1) + n. What is the greatest common factor of h and 24?
12
Let r(j) = -3*j - 24. Let x be r(-7). Let c be 3*(-6)/(-27)*-3. Let a be (c + -1)*(-7 - x). What is the highest common divisor of 12 and a?
12
Let a(i) = i**2 - 3*i - 1. Suppose -2*d + 12 = -6*d. Let m be (-15)/(-18)*d*-2. Let o be a(m). Calculate the greatest common divisor of o and 3.
3
Let t = -10 - -15. Suppose -10*h + 14*h = 20. Suppose -n = -2*l + 8, h = l - 2*l + 5*n. What is the highest common divisor of t and l?
5
Suppose -4*s - 31 + 112 = 5*w, 2*s = 5*w - 57. Let b(u) = 1 - 95*u - 8*u + 0. Let m be b(-1). Calculate the greatest common divisor of w and m.
13
Suppose r = 3, -5*h + 5 - 69 = 2*r. Let j(m) = m**2 + 14*m. Let o be j(h). Suppose o = -y + 4*y - 12. What is the greatest common factor of 20 and y?
4
Let f = 532 - 515. What is the greatest common factor of f and 2227?
17
Let n be 363/(-5) - 33/(-55). Let q = 113 + n. What is the greatest common factor of q and 41?
41
Suppose 935 = 3*n - 409. What is the highest common divisor of n and 32?
32
Let k(r) = -r**2 + 19*r + 28. Let m be k(16). What is the highest common divisor of 4 and m?
4
Let r(w) = -68*w - 248. Let u be r(-9). What is the greatest common factor of u and 39?
13
Suppose -213 = -12*g + 159. Suppose 0 = 2*k - 2*o + 5 - 43, 3*o - 51 = -3*k. Suppose 0 = -7*s + k + g. Calculate the highest common factor of s and 21.
7
Let i = -17 - -21. Suppose -2*s - 3*p + 58 = 0, -i*s + 110 = -3*p + 6*p. What is the greatest common divisor of s and 26?
26
Let g be (-4)/5 - (8 - (-2952)/(-40)). Calculate the highest common divisor of 26 and g.
13
Suppose 4*o + u - 504 = 0, -u + 378 = 3*o + u. Calculate the greatest common factor of 54 and o.
18
Let r(z) = 2*z**2 - z - 5. Let y be r(4). Let k = y + -21. Suppose -c = -k*c + 96. What is the highest common factor of c and 24?
24
Let l(y) = y + 27. Let f be l(-7). Let k(z) = z**3 - 9*z**2 + 12*z. Let b be k(10). What is the highest common divisor of b and f?
20
Suppose 3*q - m - 10 = -0*m, 4*q - 2*m - 12 = 0. Suppose 5*c - t - 2*t = 7, 0 = -2*c + q*t. What is the greatest common divisor of 22 and c?
2
Let k(z) = z**2 - 74*z + 65*z - 17 + 5. Let u be k(13). Calculate the greatest common divisor of u and 16.
8
Let a be (-4)/(144/(-927)) + 2/8. Calculate the greatest common factor of a and 598.
26
Suppose g + 2*r = -0*g + 59, 0 = 4*g - r - 281. Calculate the highest common divisor of g and 3.
3
Let v(u) = u**3 + 15*u**2 + 3*u - 2. Let i = -7 + -2. Let s = i + -5. Let c be v(s). What is the highest common factor of 19 and c?
19
Let c = 95 - 61. Suppose -42 = -5*h - 2*d + 2, 4*h + d - c = 0. What is the highest common divisor of h and 2?
2
Let s be (-3)/3 - (-10 - -1). Let w = 56 - 16. What is th